 = 6*z + 16. Calculate q(10).
76
Let n(i) = 4*i - 8. What is n(8)?
24
Let j(o) = o + 18. Calculate j(-11).
7
Let t(p) = 15*p**2 - p + 1. Give t(1).
15
Let y(j) = -7*j - 85. Give y(-12).
-1
Let q(o) = -o**3 + 12*o**2 - o + 12. Calculate q(12).
0
Let g(o) = 68*o + 5. Calculate g(-3).
-199
Let o(u) = -u**3 - 13*u**2 - 11*u. Give o(-12).
-12
Let h(m) = -7*m + 69. Determine h(11).
-8
Let j(t) = -t**2 - 8*t - 6. Calculate j(-4).
10
Let t(h) = -3*h. Calculate t(-2).
6
Let h(z) = z**2 + 3*z - 6. What is h(-8)?
34
Let d(u) = u**3 - 10*u**2 - 11*u - 9. What is d(11)?
-9
Let o(s) = -s**3 - 4*s**2 + 11*s + 29. What is o(-4)?
-15
Let b(m) = m**2 + 6*m + 9. Calculate b(-5).
4
Let z(k) = -k**2 + k + 24. Calculate z(7).
-18
Let s(a) = a + 8. What is s(-7)?
1
Let o(w) = -4*w - 39. What is o(-11)?
5
Let g(j) = -j**3 + 6*j**2 - 6*j + 26. Give g(5).
21
Let c(r) = r**3 - 11*r**2 + 14*r - 8. What is c(10)?
32
Let r(w) = 56*w + 390. Calculate r(-7).
-2
Let d(c) = 2*c**2 - 46*c + 48. Give d(22).
4
Let r(g) = g**2 + 11*g + 56. Calculate r(-9).
38
Let z(i) = -i. Determine z(-11).
11
Let y(m) = 8*m + 28. Determine y(-9).
-44
Let y(f) = 32*f - 640. Calculate y(20).
0
Let f(h) = -h**2 + 5. Determine f(-4).
-11
Let b(u) = 2*u**2 + 6*u - 3. Calculate b(-6).
33
Let g(a) = -a**3 - 8*a**2 - 5*a + 10. Give g(-7).
-4
Let r(u) = u**2 - 4*u + 6. Determine r(6).
18
Let t(c) = 4*c**3 + 6*c**2 + 8*c + 8. What is t(-2)?
-16
Let o(b) = -b**3 + b**2 + 4*b + 1. Determine o(3).
-5
Let p(y) = -4*y**3 + 3*y**2 + 3*y. Give p(-2).
38
Let q(w) = w - 6. Give q(13).
7
Let l(f) = -f**2 - 2*f - 1. Give l(-1).
0
Let l(p) = -16*p - 45. Determine l(-7).
67
Let z(r) = 11*r + 30. What is z(-2)?
8
Let m(c) = 2*c**2 - 6*c. Determine m(4).
8
Let j(x) = -x**2 - 3*x + 20. Calculate j(-6).
2
Let a(u) = -18*u - 5. Determine a(1).
-23
Let x(c) = c**2 + 9*c. Determine x(-6).
-18
Let d(t) = -t**2 - 2*t. Determine d(2).
-8
Let k(g) = -g**3 + 2*g**2 + g - 3. Determine k(0).
-3
Let c(a) = -a**2 + 7*a - 4. Determine c(3).
8
Let g(t) = -t**3 - 4*t**2 + 4*t + 1. Calculate g(0).
1
Let q(p) = p**2 + 15*p + 1. What is q(-14)?
-13
Let b(j) = j**3 + 2*j**2 + j - 2. Calculate b(2).
16
Let b(r) = -r**3 - 12*r**2 - 13*r - 28. Calculate b(-11).
-6
Let y(c) = -c**3 - 10*c**2 - 9*c + 17. What is y(-9)?
17
Let j(g) = g**2 + 2. Give j(3).
11
Let c(f) = -11*f - 13. Determine c(-6).
53
Let y(s) = -140*s + 416. Calculate y(3).
-4
Let a(w) = w**3 + 5*w**2 + 2*w + 1. Calculate a(-4).
9
Let t(j) = -5*j**2 - 7*j + 5. What is t(-3)?
-19
Let n(x) = -25*x + 75. Give n(5).
-50
Let h(j) = j**3 + 6*j**2 + 3*j + 21. Give h(-6).
3
Let i(o) = o**2 - 11*o + 10. Give i(7).
-18
Let x(v) = v**3 - 7*v**2 + 9*v + 1. Give x(4).
-11
Let a(m) = -2*m**2 - 10*m - 7. What is a(-6)?
-19
Let i(u) = -u**3 + 12*u**2 - 14*u - 14. What is i(11)?
-47
Let w(g) = -6*g - 7. Determine w(4).
-31
Let q(z) = -z**2 + 11*z - 15. Determine q(9).
3
Let c(h) = 3*h**2 + 4*h - 40. Calculate c(-6).
44
Let z(v) = -27*v + 165. Calculate z(6).
3
Let i(q) = -6*q + 1. Calculate i(6).
-35
Let j(b) = b**2 - 2*b + 23. Give j(0).
23
Let o(j) = j**3 + 5*j**2 + j + 1. Determine o(-4).
13
Let f(c) = c + 18. What is f(-13)?
5
Let f(l) = -l**3 + 5*l**2 - 6*l. Give f(4).
-8
Let z(d) = d**2 + 25*d + 48. Give z(-21).
-36
Let b(j) = -2*j**2 - 2*j + 6. Give b(-3).
-6
Let t(b) = b**3 + 20*b**2 - 22*b - 49. Calculate t(-21).
-28
Let c(u) = u + 4. Calculate c(7).
11
Let b(i) = -3*i**2 + 7*i + 10. Determine b(-2).
-16
Let w(s) = 2*s**2 + 8*s + 8. Give w(-5).
18
Let b(h) = 16*h + 1. What is b(2)?
33
Let d(a) = 2*a - 5. Give d(6).
7
Let s(u) = -4*u + 55. What is s(13)?
3
Let m(a) = -3*a**3 + 10*a**2 - 11*a - 4. What is m(2)?
-10
Let j(d) = -d**2 - 16*d - 32. Give j(-13).
7
Let p(x) = 8*x - 41. Give p(4).
-9
Let a(q) = q**2 - 12*q + 4. Determine a(12).
4
Let m(r) = -2*r**2 + 10*r + 8. Give m(6).
-4
Let u(b) = -b**2 - 5*b + 6. Give u(-5).
6
Let g(n) = -n**3 + 17*n**2 + 2*n - 42. Determine g(17).
-8
Let k(h) = 4*h**2 + 2*h - 27. Calculate k(5).
83
Let y(u) = -27*u**2 + 2*u. Calculate y(-1).
-29
Let p(f) = 4*f**2 + 2*f + 9. Calculate p(-3).
39
Let n(r) = 4*r**2 + 4*r - 1. Give n(-3).
23
Let f(o) = -o**3 - 5*o**2 - 2*o + 3. Give f(-2).
-5
Let b(y) = -y - 11. Determine b(-3).
-8
Let b(g) = g**2 - 7*g - 29. What is b(10)?
1
Let d(i) = i**2 - i + 2. Give d(0).
2
Let h(p) = -6*p + 2. Give h(4).
-22
Let i(f) = f**3 - 7*f**2 - 5*f + 10. Determine i(8).
34
Let q(z) = 7*z + 165. What is q(-31)?
-52
Let y(f) = 4*f**2 - 33*f + 4. What is y(8)?
-4
Let h(z) = -z**3 + 4*z - 7. Determine h(-3).
8
Let b(m) = m**3 + 3*m**2 + m + 1. Calculate b(-2).
3
Let f(n) = 41*n + 6. Calculate f(2).
88
Let f(i) = i**3 + 13*i**2 + 13*i + 16. Determine f(-12).
4
Let z(x) = x**3 - 3*x + 2. Give z(-3).
-16
Let z(l) = -l**3 - 6*l**2 - 5*l - 7. Calculate z(-5).
-7
Let a(i) = i**2 - 15*i + 15. What is a(14)?
1
Let g(y) = -2*y**3 + 5*y**2 + y + 8. What is g(3)?
2
Let z(i) = -i**3 + 9*i**2 + 2*i - 12. Determine z(9).
6
Let f(t) = -t**2 + 5*t - 1. Determine f(6).
-7
Let s(y) = y**3 + 5*y**2 - 11*y - 4. Calculate s(-7).
-25
Let j(p) = -p**2 - 9*p + 71. Determine j(5).
1
Let i(c) = c**3 - 8*c**2 - 3*c - 2. Determine i(8).
-26
Let x(f) = 6*f - 196. Determine x(32).
-4
Let t(x) = x**2 - 9*x + 5. Calculate t(8).
-3
Let a(s) = 11*s - 10. Calculate a(0).
-10
Let u(d) = d**3 - d**2 - 1. Calculate u(0).
-1
Let h(x) = -5*x + 32. Give h(-7).
67
Let p(i) = -i**3 - 4*i**2 + 36*i + 30. Calculate p(-8).
-2
Let d(k) = -4*k - 25. Give d(0).
-25
Let i(l) = -5*l + 3. Determine i(4).
-17
Let q(p) = 15*p**2 + 22*p + 1. Determine q(-1).
-6
Let y(k) = k**3 + k**2 - 7*k + 57. Give y(-5).
-8
Let b(a) = a. What is b(-10)?
-10
Let g(k) = 3*k**3 - 2*k**2 - 6*k + 19. Give g(4).
155
Let h(l) = 6*l**2 + 5*l - 20. Calculate h(3).
49
Let b(x) = -4*x**2 + 8*x + 6. Give b(3).
-6
Let l(u) = -2*u + 22. Give l(13).
-4
Let q(a) = a**2 + 4*a - 5. Determine q(3).
16
Let t(d) = 50*d + 1. Determine t(-1).
-49
Let b(q) = 2*q - 45. Calculate b(-8).
-61
Let c(y) = -y**2 + 13. Give c(0).
13
Let o(m) = -5*m + 15. What is o(-10)?
65
Let l(c) = -c**2 - 27*c + 36. Calculate l(-28).
8
Let o(k) = -29*k - 88. Determine o(-6).
86
Let i(k) = -k + 12. Calculate i(7).
5
Let t(z) = 13*z + 2. Give t(1).
15
Let m(u) = 11*u + 5. Calculate m(-5).
-50
Let d(s) = s**2 - 7*s + 18. Calculate d(3).
6
Let i(c) = -c**2 + 22*c - 50. Give i(19).
7
Let y(d) = 2*d**3 + 3*d**2 - 2*d + 5. What is y(-3)?
-16
Let i(h) = h**3 + 3*h**2 - 5*h + 10. What is i(-5)?
-15
Let a(o) = -o**3 - 9*o**2 - 9*o + 6. What is a(-7)?
-29
Let i(h) = -h**3 - 14*h**2 - 12*h + 8. Determine i(-13).
-5
Let a(w) = 6*w + 41. Determine a(-10).
-19
Let x(z) = 2*z**2 + 16*z + 5. Calculate x(-8).
5
Let o(t) = 12*t - 44. Calculate o(3).
-8
Let a(l) = -16*l - 23. Give a(-6).
73
Let q(o) = 3*o - 5. Give q(3).
4
Let g(d) = 2*d - 4. Calculate g(9).
14
Let w(c) = c**2 + 3*c + 7. What is w(-4)?
11
Let m(u) = 3*u**3 - 3*u**2 + 3. Determine m(2).
15
Let d(g) = -g**2 + 9*g - 17. Determine d(8).
-9
Let s(l) = 16*l + 2. Determine s(-1).
-14
Let u(i) = -4*i**2 + 4*i + 3. Calculate u(-1).
-5
Let p(m) = 32*m + 88. Determine p(-3).
-8
Let h(s) = -35*s + 222. Determine h(6).
12
Let l(w) = -w - 12. Give l(5).
-17
Let j(o) = o + 19. Determine j(-5).
14
Let o(i) = -i**3 - 11*i**2 + 28*i + 21. Determine o(-13).
-5
Let o(r) = -3*r**2 - 2*r - 2. Calculate o(3).
-35
Let o(b) = -5*b - 3. Give o(5).
-28
Let g(r) = r**3 + 28*r**2 - 30*r - 21. Give g(-29).
8
Let r(u) = -u**2 + 3*u + 24. Calculate r(7).
-4
Let t(z) = z**2 - 3*z - 11. Give t(5).
-1
Let l(n) = 6*n - 15. Determine l(-7).
-57
Let c(r) = r - 2. Calculate c(5).
3
Let s(k) = -2*k**2 + 27*k + 35. Determine s(14).
21
Let w(n) = 3*n - 15. Calculate w(-9).
-42
Let b(n) = n**2 + 7. Determine b(3).
16
Let s(p) = -p**3 + 12*p**2 + 19*p - 59. What is s(13)?
19
Let t(z) = -2*z**2 - 32*z - 21. Give t(-15).
9
Let b(l) = 3*l**3 - l**2 - l - 1. Determine b(-2).
-27
Let o(q) = -q**3 - 27*q**2 - 23. Determine o(-27).
-23
Let o(g) = g**3 - 12*g**2 + 2*g - 7. Give o(12).
17
Let y(t) = -8*t**2 - t + 3. Calculate y(-2).
-27
Let b(s) = s + 10. Calculate b(-6).
4
Let m(a) = a**2 - 4*a + 6. Calculate m(3).
3
Let h(b) = -b**2 + 10*b - 5. Give h(10).
-5
Let n(q) = -q**3 - 3*q**2 - 2*q + 1. Determine n(-2).
1
Let r(p) = 9*p**2 + 4*p + 3. What